
What is the highest common factor of 76 and 10526?
38
What is the greatest common factor of 16 and 216?
8
Calculate the highest common factor of 96 and 24.
24
Calculate the highest common divisor of 8109 and 102.
51
What is the greatest common divisor of 2 and 23?
1
Calculate the greatest common divisor of 25751 and 11.
11
What is the highest common divisor of 741 and 9?
3
What is the highest common factor of 216 and 54?
54
What is the highest common factor of 465 and 105?
15
Calculate the highest common factor of 124 and 1519.
31
What is the highest common divisor of 15279 and 99?
33
Calculate the greatest common divisor of 82 and 287.
41
Calculate the greatest common factor of 158 and 10112.
158
Calculate the highest common factor of 36 and 882.
18
What is the greatest common divisor of 695 and 5?
5
What is the greatest common divisor of 1800 and 648?
72
What is the greatest common factor of 1 and 6?
1
What is the greatest common factor of 300 and 75?
75
Calculate the greatest common divisor of 44 and 638.
22
Calculate the greatest common factor of 208 and 2000.
16
What is the highest common divisor of 40 and 664?
8
What is the greatest common factor of 264 and 880?
88
Calculate the greatest common factor of 5700 and 19.
19
What is the greatest common divisor of 80 and 290?
10
Calculate the highest common factor of 49 and 21.
7
Calculate the highest common factor of 236 and 177.
59
Calculate the greatest common divisor of 13563 and 99.
99
Calculate the greatest common factor of 527 and 187.
17
Calculate the highest common divisor of 713 and 217.
31
Calculate the highest common divisor of 1800 and 18.
18
Calculate the highest common factor of 8 and 1816.
8
Calculate the highest common factor of 26 and 36283.
13
Calculate the greatest common divisor of 2 and 4.
2
What is the highest common divisor of 16960 and 159?
53
What is the highest common factor of 343 and 301?
7
Calculate the greatest common divisor of 1 and 230.
1
Calculate the highest common factor of 341 and 62.
31
What is the greatest common divisor of 80 and 1080?
40
What is the highest common factor of 423 and 1363?
47
Calculate the greatest common factor of 366 and 66.
6
Calculate the greatest common divisor of 1054 and 1922.
62
Calculate the greatest common divisor of 2604 and 6.
6
What is the highest common factor of 273 and 78?
39
What is the greatest common factor of 205 and 123?
41
What is the greatest common factor of 121 and 1452?
121
What is the highest common divisor of 12 and 5622?
6
What is the highest common factor of 179 and 48688?
179
What is the highest common factor of 7 and 5761?
7
What is the highest common factor of 16 and 172?
4
Calculate the highest common divisor of 1818 and 2.
2
Calculate the greatest common factor of 288 and 27.
9
What is the greatest common factor of 330 and 60?
30
What is the highest common divisor of 156 and 2892?
12
Calculate the highest common divisor of 1368 and 72.
72
Calculate the greatest common divisor of 1656 and 2304.
72
What is the highest common factor of 64 and 188?
4
What is the highest common factor of 1 and 53?
1
What is the greatest common factor of 664 and 83?
83
What is the greatest common factor of 1266 and 24?
6
What is the greatest common factor of 833 and 1127?
49
Calculate the greatest common divisor of 645 and 15.
15
What is the highest common divisor of 142 and 9727?
71
Calculate the greatest common divisor of 56 and 868.
28
What is the greatest common factor of 32 and 352?
32
What is the highest common factor of 16397 and 19?
19
Calculate the greatest common factor of 64 and 18.
2
What is the greatest common factor of 132 and 60?
12
What is the highest common divisor of 78 and 208?
26
What is the highest common factor of 100 and 305?
5
Calculate the highest common divisor of 85 and 8585.
85
What is the greatest common divisor of 846 and 752?
94
What is the highest common factor of 452 and 5537?
113
Calculate the greatest common factor of 4215 and 120.
15
Calculate the greatest common divisor of 51 and 5559.
51
What is the highest common divisor of 2130 and 210?
30
What is the highest common factor of 5 and 955?
5
What is the greatest common divisor of 9 and 11319?
3
Calculate the greatest common factor of 143 and 220.
11
Calculate the highest common factor of 22 and 3014.
22
What is the highest common divisor of 707 and 101?
101
Calculate the highest common factor of 1544 and 72.
8
What is the greatest common divisor of 1 and 11?
1
What is the greatest common divisor of 141 and 188?
47
Calculate the highest common divisor of 11611 and 51.
17
Calculate the highest common divisor of 88 and 296.
8
What is the greatest common factor of 1652 and 28?
28
Calculate the greatest common divisor of 96 and 224.
32
What is the greatest common factor of 1938 and 153?
51
Calculate the greatest common factor of 30 and 718.
2
Calculate the highest common divisor of 19 and 6707.
19
What is the greatest common divisor of 11198 and 66?
22
What is the greatest common factor of 209 and 95?
19
Calculate the highest common divisor of 220 and 3410.
110
Calculate the greatest common divisor of 504 and 30618.
126
Calculate the greatest common factor of 615 and 12423.
123
What is the greatest common divisor of 21843 and 135?
27
What is the greatest common divisor of 684 and 144?
36
Calculate the highest common divisor of 3419 and 91.
13
What is the greatest common divisor of 12 and 13?
1
What is the highest common factor of 172 and 430?
86
Calculate the highest common divisor of 3 and 992.
1
What is the greatest common factor of 96 and 992?
32
Calculate the greatest common factor of 114 and 2280.
114
What is the highest common factor of 90 and 216?
18
What is the greatest common divisor of 1000 and 320?
40
What is the greatest common divisor of 4 and 9004?
4
What is the greatest common factor of 16 and 2390?
2
Calculate the greatest common factor of 60 and 15.
15
Calculate the highest common factor of 684 and 76.
76
What is the highest common factor of 98 and 1421?
49
What is the highest common factor of 1995 and 38?
19
Calculate the greatest common factor of 78 and 24.
6
Calculate the highest common factor of 427 and 49.
7
Calculate the greatest common factor of 702 and 13.
13
Calculate the highest common divisor of 804 and 168.
12
Calculate the highest common divisor of 20 and 45.
5
Calculate the greatest common factor of 79 and 553.
79
What is the highest common factor of 172 and 4?
4
What is the greatest common divisor of 154 and 28?
14
Calculate the highest common divisor of 350 and 1526.
14
Calculate the highest common divisor of 26 and 1378.
26
Calculate the greatest common factor of 3 and 159.
3
What is the greatest common factor of 32431 and 574?
287
Calculate the greatest common divisor of 4724 and 4.
4
Calculate the greatest common factor of 34 and 374.
34
Calculate the highest common divisor of 27075 and 50.
25
What is the highest common factor of 128 and 8000?
64
Calculate the greatest common divisor of 932 and 32.
4
What is the greatest common factor of 2480 and 775?
155
What is the highest common divisor of 23 and 5773?
23
What is the greatest common factor of 4536 and 81?
81
Calculate the highest common factor of 104 and 260.
52
What is the highest common divisor of 10 and 2770?
10
What is the greatest common divisor of 1313 and 808?
101
Calculate the highest common divisor of 287 and 205.
41
What is the highest common divisor of 5548 and 438?
146
Calculate the highest common factor of 342 and 38.
38
Calculate the highest common divisor of 80 and 3824.
16
What is the greatest common factor of 441 and 63?
63
What is the highest common factor of 2993 and 292?
73
What is the greatest common divisor of 168 and 392?
56
Calculate the highest common factor of 90 and 747.
9
What is the greatest common divisor of 28 and 3073?
7
What is the highest common factor of 333 and 18?
9
Calculate the highest common factor of 416 and 312.
104
What is the greatest common factor of 208 and 80?
16
What is the greatest common divisor of 24 and 40?
8
Calculate the greatest common divisor of 60 and 64.
4
What is the highest common factor of 680 and 204?
68
What is the greatest common divisor of 111 and 1813?
37
What is the highest common fac